 Suppose -5*q + 5*l + 215 = -570, 5*l - 133 = -q. What is the greatest common divisor of j and q?
17
Let l be ((-29)/(-2))/(1/2). Let i = l - -26. What is the highest common divisor of 11 and i?
11
Let a = 34 - 48. Let i be (-2)/7 + (-480)/a. What is the greatest common divisor of i and 85?
17
Suppose -3*i + 360 = -0*i. Calculate the highest common divisor of i and 30.
30
Suppose -3*f + 144 = -4*b, -4*b - 3 = -15. Calculate the highest common divisor of 13 and f.
13
Suppose -4*h + 171 = -5*p - 128, -4*h = -4*p - 240. Let n = p + 94. What is the greatest common factor of 35 and n?
35
Let s = -13 + 15. Suppose -s*v = 3*v - 75. Calculate the greatest common factor of 6 and v.
3
Let l(h) = 3*h + 27. Let f be l(-5). Suppose 3*y = 230 - 86. What is the highest common factor of y and f?
12
Suppose -h + 5*h + 3*s = 217, 5*s - 265 = -5*h. Calculate the greatest common divisor of 29 and h.
29
Suppose 0*c + 152 = 3*k + 4*c, -k + 56 = 4*c. What is the greatest common factor of 72 and k?
24
Let o be (-16)/(-24)*3/1. Suppose -2*x + 0*g + 379 = g, -x - o*g + 197 = 0. Calculate the highest common factor of 17 and x.
17
Let t = -209 - -237. Calculate the highest common divisor of 308 and t.
28
Let c be 7 + -4 - (-12 + 3). What is the highest common divisor of c and 60?
12
Let g = 1 - -6. Let p be ((-2)/(-4))/((-5)/30). Let f be p - 1*(-22 + -2). What is the highest common factor of g and f?
7
Let y(h) = -7*h**3 - 3*h - 3. Let i be y(-2). Let l = i + -25. Let t = l + -18. Calculate the highest common divisor of t and 8.
8
Let n(q) = 24*q - 3. Let p be n(5). Suppose l + 0 = p. Suppose 4*j + 4*o - 2 - 34 = 0, 5*j - 5*o = 85. Calculate the highest common divisor of l and j.
13
Let a be 4/(-6)*12*-3. Let v = 12 + -10. Suppose 9 = 5*o - v*o. Calculate the highest common factor of a and o.
3
Suppose 0 = 3*i - 6*i + 9. Let w be (-2)/(-12) - (-175)/30. What is the greatest common factor of w and i?
3
Suppose 4*b - 130 = -34. Suppose -4*y = -0*g + 4*g - b, 5*y - 14 = 3*g. What is the greatest common divisor of 10 and y?
2
Suppose -q + 2*w = -49 - 57, -2*w = 5*q - 482. What is the greatest common factor of 14 and q?
14
Let i(y) = -7*y + 1. Let u be i(-8). Let a = u - 1. What is the greatest common factor of a and 7?
7
Let d(t) be the second derivative of -4/3*t**3 - 1/2*t**2 - 3*t - 2/3*t**4 + 1/20*t**5 + 0. Let u be d(9). Calculate the greatest common divisor of 1 and u.
1
Let m be 6/18 - (-2)/(-6). Let c = 6 - m. What is the highest common factor of c and 42?
6
Let u = 20 + -11. What is the highest common divisor of 3 and u?
3
Suppose -d + 80 = -4*m, 5*d - 282 = d - 3*m. What is the greatest common divisor of d and 180?
36
Let i be 299/9 + (-4)/18. Let g(h) = -2*h + 1. Let u be g(-1). Calculate the greatest common divisor of i and u.
3
Suppose -47 = -5*d + 68. Calculate the highest common factor of d and 161.
23
Let s be (29 - -1)*1/3. What is the greatest common factor of 70 and s?
10
Let b be 82/12 + 6/36. Calculate the highest common divisor of 49 and b.
7
Let n be 3 - (1 + -5) - 0. Calculate the greatest common divisor of n and 1.
1
Let r(v) = -2*v**3 + 2*v + 3. Let l be r(0). What is the highest common divisor of l and 30?
3
Let l be ((-4)/2)/((-2)/8). What is the highest common divisor of l and 4?
4
Let q = 5 - -20. What is the greatest common divisor of q and 225?
25
Suppose 9*q - 1944 = 3*q. Suppose -3*b + 6*b - q = 0. What is the highest common divisor of b and 12?
12
Let p be 9 - 5 - 1/(-1). Suppose -3 = -4*b + 5. Suppose 3*z + b*z = p*q + 5, z + 4*q - 11 = 0. Calculate the highest common divisor of 27 and z.
3
Let o(p) = 20*p**2 + 19*p - 20. Let u(b) = 7*b**2 + 6*b - 7. Let s(d) = 6*o(d) - 17*u(d). Let z be s(-13). Calculate the greatest common divisor of 84 and z.
12
Suppose 0 = -4*o - 16, -5*o - 48 = 3*u - 2*o. Let v be ((-20)/(-15))/((-2)/u). Calculate the greatest common factor of 56 and v.
8
Let f = -21 - -42. What is the highest common factor of f and 21?
21
Let k be 2 + 3/(9/654). What is the greatest common factor of 20 and k?
20
Suppose -73 + 1 = -6*w. Calculate the greatest common divisor of w and 108.
12
Suppose 4*s = 4*n + 132, 5*n - 2 + 31 = s. Calculate the greatest common divisor of 34 and s.
34
Let k = 89 - 62. What is the greatest common divisor of k and 18?
9
Let b = 38 - -8. What is the highest common factor of b and 69?
23
Suppose x - 5*t - 36 = 0, -3*x + 5*t - 6 = -114. What is the greatest common divisor of x and 24?
12
Let v = 1 + 1. Suppose 0 = -4*u + 5*h + 390, 4*u - 4*h - 46 - 346 = 0. Suppose -7*f = -v*f - u. Calculate the greatest common divisor of 50 and f.
10
Suppose p = -p + 16. Suppose -3*f = f - p. What is the greatest common factor of f and 16?
2
Suppose -z + 1 = 6. Let f = z + 17. Calculate the highest common divisor of 6 and f.
6
Let g = -65 + 26. Let t = -22 - g. Calculate the greatest common factor of 136 and t.
17
Suppose -15 = -3*g, 1 = 2*d - 2*g + 5. Suppose 3*t + 5*c - 45 = 0, d*t - 36 = -0*t - 2*c. Calculate the greatest common divisor of 15 and t.
5
Let h be (-20)/(-6) + -2 - (-8)/12. Calculate the highest common factor of 22 and h.
2
Let m(q) = 11*q**3 - 2*q**2 - 7*q + 3. Let s be m(3). Calculate the highest common divisor of 29 and s.
29
Let j be 17 - ((-4 - 0) + 0). What is the greatest common divisor of 14 and j?
7
Let x = -12 - -16. Suppose 2*z - 518 = -4*j, 4*z - x*j - 595 = 405. Calculate the highest common factor of z and 23.
23
Suppose 3*j - 51 = -3*n, -2*n - 18 = 3*j - 68. Let w = 61 - -19. What is the greatest common factor of w and j?
16
Let v(k) = 6*k + 5. Let h(y) = 28 + 21*y + y + 3*y - 8. Let f(i) = 2*h(i) - 9*v(i). Let a be f(-4). Calculate the greatest common divisor of a and 33.
11
Suppose 4 = -n - 5. Let d be 41/3 - (-6)/n. Suppose d + 155 = 3*s. Calculate the highest common factor of 8 and s.
8
Let j be 186/8 + -2 + 44/16. What is the highest common divisor of 72 and j?
24
Suppose z + 2*n + 40 = 6*z, -5*n = 2*z - 45. Calculate the highest common factor of z and 80.
10
Suppose 0 = -4*c - 0 + 4, 3*o - 335 = c. Let s be (-30)/25*(-5)/2. Suppose -s*d + d + 32 = 0. Calculate the highest common factor of o and d.
16
Let x = 40 - 6. Calculate the greatest common divisor of 85 and x.
17
Let o(d) = d**3 - 5*d**2 - 4*d - 8. Let q be o(6). Suppose -q*a + 68 = 4*x, -a + 5 - 4 = 0. Suppose -n - n = -x. What is the highest common divisor of n and 8?
8
Suppose 0 = -3*a + 58 + 26. Calculate the highest common factor of a and 28.
28
Let k(t) = -t**3 + t - 1. Let s be k(1). Let v be -1 + 2 - (-88 + s). Calculate the highest common divisor of 18 and v.
18
Let w(u) = u**2 - 5*u - 6. Let a be w(-4). What is the highest common divisor of 15 and a?
15
Suppose 10 = -5*y + 2*b - 4, -5*b = -10. Let p be (7/(-21))/(y/198). What is the highest common factor of p and 22?
11
Let n = -59 + 60. Calculate the greatest common factor of n and 11.
1
Let y be 3 + 7 + -3 + 1. Calculate the highest common divisor of 32 and y.
8
Suppose 0 + 3 = 3*z. Let g = z - -1. Suppose -m + 30 = g*m. What is the highest common factor of m and 25?
5
Suppose 3*z - 80 = 34. Calculate the greatest common divisor of 19 and z.
19
Suppose 0 = -c + 6 + 3. Suppose -23 = -3*q + 58. Calculate the greatest common factor of c and q.
9
Suppose a + 0*a - 3*d = 219, -4*a + 3*d = -867. Calculate the greatest common factor of a and 24.
24
Let d(g) = 2*g + 10. Let l be d(7). Let y be ((-18)/4)/(9/(-12)). What is the greatest common factor of l and y?
6
Suppose -d - 567 = -10*d. What is the highest common divisor of d and 42?
21
Let l be (1 + -2 + 2)*0. Suppose -5*o - p = -17, l*p + 2 = 2*o - 2*p. Suppose -o*q + 8*q - 385 = 0. What is the greatest common factor of 7 and q?
7
Suppose 3*z = 4*w + 2, 5*z + 2*w - 7*w = 10. Calculate the highest common factor of z and 4.
2
Let x = 0 - -4. Let p = x + -1. Calculate the highest common divisor of 1 and p.
1
Suppose -3*n = -2*n - 4. Suppose d + 80 = 6*d. Calculate the greatest common divisor of d and n.
4
Suppose -5*g - 5*b + 110 = 0, -2*g - 2*b = b - 42. Suppose n + n - g = 0. Calculate the greatest common divisor of n and 18.
6
Let h(p) = -2*p + 5. Let v be ((-56)/20)/(4/(-10)). Let n = 3 - v. Let r be h(n). Calculate the highest common divisor of r and 104.
13
Let t = -64 - -82. Let v be (-3)/6 + (-15)/(-6). What is 